is p(10)?
2
Let t(v) = 4*v**2 + 38*v - 18. What is t(-9)?
-36
Let w(m) = m**3 + 19*m**2 - 66*m + 5. Give w(-22).
5
Let i(o) = -13*o**3 - 8*o**2 - 13*o - 7. What is i(-3)?
311
Let q(v) = -3*v**3 + 11*v**2 + 5*v + 1. Determine q(4).
5
Let q(b) = b**3 - 150*b**2 + 1404*b - 588. Determine q(140).
-28
Let w(m) = 6*m**2 - 335*m - 56. Give w(56).
0
Let c(o) = -4*o**3 - 5*o**2 - 2*o - 1. Calculate c(-2).
15
Let r(h) = -h**3 - 317*h**2 - 3665*h - 1521. Calculate r(-305).
4
Let l(k) = -k**2 + 53*k + 2840. Calculate l(-33).
2
Let k(x) = x**2 - 19*x - 71. Calculate k(18).
-89
Let i(n) = n**2 + 229*n + 3398. Determine i(-16).
-10
Let t(v) = v**2 - 34*v + 119. Determine t(25).
-106
Let v(j) = 74*j + 162. What is v(-3)?
-60
Let n(d) = -d**3 - 60*d**2 - 330*d - 43. Determine n(-6).
-7
Let h(i) = -i**2 - 409*i - 11711. What is h(-31)?
7
Let y(u) = u**3 - 36*u**2 + 28*u + 140. Determine y(35).
-105
Let s(r) = -20*r - 218. Determine s(-11).
2
Let j(k) = -k**2 + 21*k + 883. Determine j(-21).
1
Let h(f) = -18*f**2 - 288*f - 1430. What is h(-5)?
-440
Let i(p) = -p**3 - 5*p**2 - 20*p - 168. Determine i(-6).
-12
Let d(u) = -u**3 + 8*u**2 - 31*u + 205. Give d(8).
-43
Let o(h) = 9*h - 197. Determine o(21).
-8
Let a(i) = 2059*i - 14420. Calculate a(7).
-7
Let o(z) = 217*z - 2409. Give o(11).
-22
Let p(a) = 201*a**2 + 37*a + 37. Determine p(-1).
201
Let p(t) = 3*t**3 + 22*t**2 - 14*t + 17. What is p(-8)?
1
Let a(b) = -253*b - 40. Give a(-1).
213
Let l(i) = -i**3 + 12*i**2 + 9*i + 25. Give l(13).
-27
Let u(r) = -13*r**2 - 233*r + 30. Give u(-18).
12
Let i(j) = 3*j**3 + 31*j**2 + 14*j + 391. Determine i(-11).
-5
Let p(i) = 3*i**2 - 301*i + 5549. Determine p(76).
1
Let z(d) = 1095*d + 38327. What is z(-35)?
2
Let m(t) = 18*t - 472. What is m(25)?
-22
Let i(k) = -k**3 + 27*k**2 + 22*k - 66. What is i(28)?
-234
Let c(i) = 762*i + 73. What is c(0)?
73
Let q(d) = -635*d + 3211. Determine q(5).
36
Let h(c) = 3*c**3 + 251*c**2 + 880*c - 6. Give h(-80).
-6
Let w(b) = -4*b**2 + 39*b + 259. Give w(-6).
-119
Let s(x) = x**3 - 10*x**2 - 17*x - 37. Calculate s(11).
-103
Let g(m) = m**3 - 2*m**2 - 2*m + 4. Give g(1).
1
Let b(r) = -r**2 - 169*r + 2559. Determine b(14).
-3
Let f(c) = 26*c + 4. Give f(-1).
-22
Let b(i) = -6*i - 303. What is b(-68)?
105
Let p(s) = -s**2 + 100*s + 1304. Give p(-12).
-40
Let t(g) = -2*g**2 - 67*g - 515. Determine t(-11).
-20
Let z(d) = -3*d**3 - 20*d**2 - 13*d - 19. Determine z(-9).
665
Let y(w) = -w**3 + 34*w**2 - 44*w + 313. Calculate y(33).
-50
Let i(c) = -542*c + 1620. Give i(3).
-6
Let s(w) = 2*w**2 + 9*w + 155. Calculate s(-17).
580
Let v(m) = 2*m**2 + 18*m - 371. Determine v(-19).
9
Let u(z) = -8319*z + 58255. What is u(7)?
22
Let f(p) = p**2 - 6*p - 162. What is f(16)?
-2
Let t(d) = 2*d**2 - 2*d + 65. Give t(-8).
209
Let y(h) = 2498*h + 2504. Determine y(-1).
6
Let p(r) = -792*r - 7919. Give p(-10).
1
Let b(g) = 2*g**2 + 357*g + 11167. Determine b(-138).
-11
Let t(n) = n**3 + 60*n**2 - 625*n - 298. What is t(-69)?
-22
Let f(b) = -2*b**3 + 69*b**2 + 534*b - 45. Give f(41).
-4
Let j(v) = -48*v**2 - 29*v + 83. Calculate j(2).
-167
Let r(h) = -3*h**3 + 7*h**2 - 15*h + 4. Determine r(3).
-59
Let d(g) = -107*g - 743. Calculate d(-7).
6
Let l(u) = -4*u - 145. Calculate l(-9).
-109
Let c(q) = q**3 - q**2 - 102*q - 4. Determine c(0).
-4
Let v(u) = 39*u + 1182. Give v(-30).
12
Let y(b) = -b**3 + 27*b**2 + 36*b - 236. Give y(28).
-12
Let v(x) = 289*x - 1535. Calculate v(6).
199
Let x(w) = -3*w**3 + 44*w**2 + 17*w - 59. Calculate x(15).
-29
Let u(f) = -4415*f - 22072. What is u(-5)?
3
Let a(f) = 3*f**2 + 79*f - 623. What is a(6)?
-41
Let q(p) = p**3 + 40*p**2 + 202*p - 17. Give q(-6).
-5
Let b(a) = 2*a**2 + 6*a - 48. What is b(7)?
92
Let u(i) = -i**2 - 260*i - 2269. Determine u(-9).
-10
Let f(t) = -45*t - 123. What is f(-5)?
102
Let z(b) = -5*b**3 - 33*b**2 + 8*b - 23. Give z(-7).
19
Let m(y) = -6*y + 68. Calculate m(16).
-28
Let k(l) = -3*l**2 + 48*l + 76. What is k(0)?
76
Let k(a) = -255*a - 2297. What is k(-9)?
-2
Let w(y) = -y**3 - 6*y**2 + 31*y + 1. What is w(-9)?
-35
Let m(w) = 399*w - 1625. Calculate m(4).
-29
Let i(x) = -x**2 - 25*x - 120. Give i(0).
-120
Let h(a) = a**3 + 43*a**2 + 419*a - 38. Calculate h(-15).
-23
Let r(j) = 5*j**3 + 10*j**2 - 28*j + 21. Calculate r(1).
8
Let g(t) = 4*t**2 - 81*t + 10. Determine g(20).
-10
Let y(w) = -5*w**2 + 121*w + 37. Calculate y(26).
-197
Let v(l) = -5*l**2 - 14*l + 14. Calculate v(2).
-34
Let l(r) = r**2 - 14*r - 262. Calculate l(25).
13
Let h(l) = -35*l + 1157. Give h(33).
2
Let c(h) = h**2 + 86*h - 167. Give c(2).
9
Let g(j) = -j**3 - 35*j**2 + 151*j - 204. Calculate g(-39).
-9
Let s(w) = -w**3 + 3*w**2 + 6*w + 81. What is s(6)?
9
Let r(o) = -2*o**2 - 19*o + 100. What is r(-18)?
-206
Let v(f) = -235*f - 1181. What is v(-5)?
-6
Let k(q) = 1736*q - 123258. Give k(71).
-2
Let f(r) = -6*r**2 + 14*r - 209. Determine f(13).
-1041
Let t(w) = -65*w + 433. Calculate t(7).
-22
Let z(a) = -a**3 - 11*a**2 + 146*a + 1599. What is z(-12)?
-9
Let u(t) = t**3 - 148*t**2 + 1635*t - 438. Determine u(136).
-30
Let y(o) = -2*o**3 - 361*o**2 + 171*o - 1807. Give y(-181).
3
Let c(m) = m**2 - 17*m - 1116. Calculate c(-26).
2
Let x(f) = -f**3 + 26*f**2 - 170*f + 200. Calculate x(8).
-8
Let i(p) = 398*p - 373. Determine i(1).
25
Let y(z) = -2*z - 8. What is y(8)?
-24
Let l(y) = -y**3 + 4*y**2 + 38*y + 13. Determine l(-5).
48
Let w(d) = -d**3 + 10*d**2 + 49*d - 200. What is w(3)?
10
Let s(a) = a**2 - 31*a - 2. Give s(29).
-60
Let b(g) = 2*g**3 - 7*g**2 - 8*g + 114. Give b(7).
401
Let t(o) = -3*o**3 - 78*o**2 - 3*o - 90. Calculate t(-26).
-12
Let b(r) = -722*r - 4990. Calculate b(-7).
64
Let w(l) = 4*l**2 + 60*l - 133. Calculate w(2).
3
Let m(y) = 2*y**3 + 313*y**2 - 156*y + 162. Determine m(-157).
5
Let q(f) = 2*f**2 + 62*f + 60. Calculate q(-1).
0
Let x(d) = d**3 + 24*d**2 + 81*d + 19. Give x(-20).
-1
Let c(i) = 3*i**3 - 10*i**2 + 28*i - 85. Give c(6).
371
Let g(b) = -b**3 - 53*b**2 - 90*b - 1977. Calculate g(-52).
-1
Let q(m) = -2*m**3 - 26*m**2 - 49*m + 99. Determine q(-10).
-11
Let s(u) = -u**3 + 6*u**2 - 7*u + 7. Determine s(5).
-3
Let l(f) = f**3 + 4*f + 66. Determine l(0).
66
Let k(o) = -o - 78. Calculate k(-25).
-53
Let p(w) = -64*w - 55. Calculate p(-6).
329
Let y(x) = 4*x**2 - 1163*x - 8348. Determine y(-7).
-11
Let t(h) = h**2 - 18*h - 20. Give t(20).
20
Let b(c) = 4527*c + 95078. Give b(-21).
11
Let g(h) = 923*h**2 + 23077*h + 50. Determine g(-25).
0
Let a(v) = 429*v - 3437. Give a(8).
-5
Let g(i) = 2*i**3 + 11*i**2 + 12*i - 35. Determine g(-3).
-26
Let o(c) = 499*c - 16381. Give o(33).
86
Let i(t) = -7*t**3 + 3*t**2 + 165*t - 166. Give i(1).
-5
Let r(v) = v**2 - 86*v + 103. Give r(0).
103
Let b(w) = -181*w - 12130. Determine b(-67).
-3
Let v(b) = b**3 - 8*b**2 + 55*b - 213. Determine v(5).
-13
Let h(t) = -3*t**2 + 151*t - 1338. Give h(39).
-12
Let j(x) = -6*x - 167. What is j(-37)?
55
Let z(f) = -39*f - 151. Give z(-5).
44
Let g(z) = -5*z**3 - 7*z**2 - 9*z - 1. What is g(-3)?
98
Let m(z) = -z**3 + 86*z**2 - 17*z + 1464. Calculate m(86).
2
Let a(o) = -o**2 + 64*o - 1075. Calculate a(27).
-76
Let c(m) = -m**2 + 58*m - 747. Determine c(26).
85
Let p(o) = 63*o - 429. Give p(9).
138
Let y(a) = -1685*a - 11788. Give y(-7).
7
Let a(o) = o**3 + 5*o**2 + 44. Calculate a(-7).
-54
Let s(v) = -312*v - 930. Give s(-3).
6
Let d(a) = -796*a - 7183. What is d(-9)?
-19
Let k(d) = 2*d**3 - 2*d**2 + 34. Give k(-4).
-126
Let i(p) = -151*p + 134. Determine i(1).
-17
Let b(a) = a**2 + 128*a + 1815. What is b(-16)?
23
Let d(y) = -y**3 - 3*y**2 - 26*y - 186. Give d(-5).
-6
Let y(g) = 56*g + 306. Give y(3).
474
Let l(c) = -96*c + 3312. Determine l(34).
48
Let v(u) = 18*u**2 + 47*u + 3. What is v(-4)?
103
Let k(p) = p**3 + 63*p**2 - 1098*p - 1524. What is k(-77)?
16
Let z(j) = -15*j - 256. What is z(-7)?
-151
Let q(g) = -8*g**2 + 11*g - 20. Determine q(-6).
-374
Let r(s) = 4*s - 43. Calculate r(13).
9
Let w(z) = 352*z - 3165. Determine w(9).
3
Let t(s) = -718*s - 29437. Calculate t(-41).
1
Let i(m) = 2*m**3 - 4*m**2 - 15*m + 48. What is i(3)?
21
Let q(b) = b**3 - 116*b**2 + 2068*b + 9. Calculate q(94).
9
Let j(f) = -2372*f - 15. What is j(0)?
-15
Let j(s) = s**2 + 39*s - 6. Calculate j(-42).
120
Let l(h) = h**2 + 169*h - 3590. Give l(-188).
-18
